e highest common factor of 7 and v.
7
Let n be (-2)/(-2) + 1 + 2. Let z = 54 + -50. Let k = 40 - z. What is the highest common factor of n and k?
4
Let p be -3*((-1)/3 + -1). Suppose -s + p*s = 15. Let j(x) = 11*x - 34. Let d be j(4). Calculate the greatest common divisor of d and s.
5
Let z(k) be the second derivative of 83*k**3/6 + k**2/2 + 19*k. Let r be z(1). Let x be -21*(-3 - -1 - -1). What is the greatest common divisor of x and r?
21
Suppose -9 = 2*x - 3, 3*x = 3*s - 105. Suppose -7*o + 4*o + 96 = 0. What is the greatest common divisor of s and o?
32
Let y be (3/8 - (-527)/408)*42. Calculate the highest common divisor of y and 245.
35
Suppose 0 = -187*x + 185*x + 78. What is the greatest common divisor of 429 and x?
39
Let s(c) = 2*c**2 - 8*c - 6. Let f be 1 - 9/(-3) - -1. Let x be s(f). Suppose 47 + 77 = x*q. Calculate the highest common divisor of 124 and q.
31
Suppose -2*b = -3*v - 39, 0 = 4*b - b + 4*v - 16. Let a = 115 - 31. What is the highest common factor of a and b?
12
Suppose 5*m - 43 = -2*w, w = 2*m - 1 - 0. Suppose 0 = w*r - 5*r - 444. Let k = -75 + r. What is the highest common divisor of 4 and k?
4
Let y = -1 + 7. Suppose 1194*u - 1198*u + 239 = -73. Calculate the greatest common divisor of u and y.
6
Suppose z + 3*z = 1268. Suppose 2*o + u = 595, 0 = 5*o + u - 1169 - z. What is the greatest common factor of 33 and o?
33
Suppose -2*t + 5 = 1. Let h = -6 + 7. Let b be 6/h*96/36. Calculate the highest common factor of t and b.
2
Let n = 1174 - 310. Suppose 5*p - n = p. Suppose -4*d - 68 = -2*j, -2*j - 2*j - 5*d + 71 = 0. What is the highest common factor of j and p?
24
Suppose 4*u - 1 = -3*k + 4, -4*u = 4*k - 4. Let w be ((-1)/5 + k)/(45/(-150)). Calculate the greatest common divisor of 1 and w.
1
Suppose -25*c = -246 - 404. What is the greatest common divisor of c and 247?
13
Let h be (22 - 17) + -3 + 1. Suppose h*q + 4*l = 98, -2*q + 3*q - 16 = 2*l. What is the highest common divisor of 13 and q?
13
Let p be 21*4*(-3)/(-6). Calculate the greatest common divisor of 21 and p.
21
Let c(r) = -r**3 - 7*r + 16. Let h be c(-5). What is the greatest common factor of h and 44?
44
Suppose 3*x + 1960 = 7*x - 3*b, 3*x - 2*b = 1471. Calculate the greatest common divisor of 29 and x.
29
Suppose -57 = -s + d, -2*s + 3*d - 4*d + 123 = 0. Let j = 4 - 25. Let k = 31 + j. What is the greatest common divisor of k and s?
10
Suppose 2*a = 4*a - 44. Suppose -1038*b + 1030*b = -88. What is the greatest common factor of a and b?
11
Let x = -8 - -11. Suppose -3*y + 4*d = 0, 5*y - 29 = -0*y - x*d. Suppose 0 = y*v - 1 - 7. What is the greatest common factor of 16 and v?
2
Let q(y) = 4*y + 4. Let a be q(5). What is the greatest common divisor of 60 and a?
12
Suppose -23*m = 15*m - 7296. Let o = 19 - 7. What is the greatest common factor of o and m?
12
Let z = 1184 + -1175. Calculate the greatest common factor of z and 39.
3
Let h = 342 - 327. What is the greatest common factor of h and 1095?
15
Let x(p) = p**2 + 4*p + 2. Let v be x(-4). Suppose 0 = v*d - d - 4. Suppose -d*f + 164 = -144. What is the greatest common factor of 7 and f?
7
Let i be (28/21)/4 - 1988/(-3). Calculate the greatest common factor of i and 51.
51
Suppose -89 + 49 = 4*w. Let f be (-2)/w - (-609)/105. Let v be (-4)/(-2) + -4 + 50. What is the greatest common factor of f and v?
6
Let p(r) = 2*r - 1. Let t be p(2). Suppose -h + 0*w + 14 = -3*w, 4*h - t*w - 20 = 0. What is the highest common divisor of h and 2?
2
Let f(a) = 3*a**2 - a - 1. Let p be f(-1). Suppose 0*i + 9 = p*i. Suppose -i*r + 5 = -19. Calculate the greatest common divisor of 56 and r.
8
Suppose -5*o + m - 124 = -994, -o + 4*m + 155 = 0. Suppose 3*u + 1 = 76. What is the highest common factor of o and u?
25
Let o(s) = 0*s - 61 + 65 - s. Let a be o(-16). Calculate the highest common factor of a and 160.
20
Let l be ((-3)/2)/(2/(-24)). Let b be ((-27)/72 + (-171)/(-24))*(-88)/(-3). What is the greatest common factor of l and b?
18
Let u = 1000 + -825. What is the highest common factor of 25 and u?
25
Suppose 0 = 23*u - 24*u + 3*y + 163, -764 = -5*u - 2*y. Calculate the greatest common divisor of u and 66.
22
Suppose 0 = 34*r - 35*r + 33. Let z = 49 - r. Calculate the greatest common divisor of z and 112.
16
Let y be 0 - (-42)/8 - 20/80. Let a = -19 - -74. What is the highest common factor of y and a?
5
Let u(y) = -54*y + 938. Let c be u(17). What is the highest common divisor of c and 230?
10
Suppose p = -2*p + 39. Suppose c - p = 2*c. Let b = c - -21. What is the highest common factor of 88 and b?
8
Let g be -2*(-6)/(-36) - (-10)/3. Calculate the greatest common factor of 63 and g.
3
Suppose 4*m + d = -44 + 16, 0 = -m + d - 12. Let n(i) = -3*i - 18. Let z be n(m). What is the highest common divisor of z and 66?
6
Suppose 8*k = 71 - 823. Let c = -60 - k. What is the highest common divisor of 17 and c?
17
Let z = -1112 + 1147. What is the greatest common divisor of 14 and z?
7
Suppose 0 = 20*d - 8008 + 2688. What is the greatest common divisor of d and 14?
14
Let a be 432/10 + 2/(-10). Suppose 18 = -5*n + a. Suppose 5*p = n*g - 35, 3*g = -2*p - 3*p - 3. Calculate the greatest common divisor of 36 and g.
4
Let z = 145 - 125. Let i be (-571)/(-6) - z/120. Suppose -6*p = -4*p - 38. What is the greatest common factor of i and p?
19
Let c be (-6 - (30 + 3))*(0 + -3). Let m = -101 + c. Calculate the greatest common factor of 8 and m.
8
Let h = -298 - -441. Let d be 13/(10/(-180)*-9). What is the highest common factor of h and d?
13
Let z = 1433 - 1048. Calculate the highest common divisor of z and 308.
77
Let c be 6*(-3 - 28/(-8)). Suppose -c*q - 2*q + 45 = -3*v, -3*q = 2*v - 27. What is the highest common divisor of 99 and q?
9
Let z(j) = -2 - 1 - 31*j + 11. Let d be z(4). Let v be (-19)/57 + d/(-6). Calculate the highest common factor of v and 171.
19
Let w be 14744/76 - (-22)/2. Calculate the highest common factor of w and 5.
5
Let t = -150 + 1126. Calculate the highest common factor of t and 16.
16
Let l be -1*(2 + 0 + -22). Suppose 0*y + 4*y = -2*v + l, 10 = 3*v + y. Let w(s) = 7*s + 8. Let b be w(0). Calculate the highest common factor of b and v.
2
Let y(z) = 2*z**2 - 11*z + 54. Let x be y(4). What is the highest common factor of 72 and x?
6
Let y(x) = 63*x**2 + 15*x - 18. Let g be y(3). What is the highest common divisor of 54 and g?
54
Let u = 771 + -411. Suppose 237 = 18*q + 21. What is the highest common factor of u and q?
12
Let k(x) = 4*x + 144. Let f be k(-33). Suppose -88 = 4*r - 5*r - 5*n, -5*r + n = -518. Let s = 211 - r. Calculate the highest common factor of s and f.
12
Let r = -76 + 126. Suppose -r = -7*q + 2*q. Suppose -t + 75 = 2*t. Calculate the highest common divisor of t and q.
5
Let h be (-72)/126 - 78/(-14). Suppose 17 - 67 = -h*k. Calculate the highest common divisor of k and 15.
5
Let n be ((-15)/2)/3*(-4)/5. Let j be ((-40)/4)/((-1)/n). What is the highest common divisor of 4 and j?
4
Let x be -89*-3*(-3)/(-9). Let r = 166 - x. Calculate the highest common factor of 11 and r.
11
Let v = 222 + 65. Calculate the greatest common divisor of 7 and v.
7
Let i be (-146 - -143) + 7*45 + -2. Calculate the highest common divisor of i and 248.
62
Let y(b) = -25*b - 63. Let s be y(-3). Suppose 3*u = -u + 16. Calculate the greatest common divisor of s and u.
4
Suppose -6 = m + 63. Let p = -37 - m. Suppose 0 = h - 13 + 14, -3*n = -4*h - 148. What is the greatest common divisor of n and p?
16
Suppose -34 = m - 2*v, -m - 68 = -4*v - 24. Let j be m*(-2)/(24/21). Let l(b) = -5*b - 1. Let x be l(-3). What is the greatest common divisor of j and x?
14
Suppose -4*h + 3*s = h - 14, -10 = -4*h + 3*s. Let k(l) = -h*l + l + 10 - 10. Let u be k(-8). What is the greatest common divisor of u and 8?
8
Let n = -24 + 14. Let c(d) = d**2 + 10*d + 5. Let m be c(n). Suppose m*a - 3*a = 128. Calculate the highest common factor of 8 and a.
8
Suppose -2*h = -4*q - 2286, 80*h - 83*h - 3*q = -3384. Calculate the greatest common factor of 22 and h.
11
Let n = -316 + 325. Calculate the greatest common factor of 9 and n.
9
Let o(y) = y + 18 - 20 + y. Let l be o(7). Let r be (l/7)/((-3)/(-42)). Calculate the greatest common factor of 60 and r.
12
Let q = 187 + -110. Let z(t) = t**3 + 16*t**2 + 22. Let o be z(-16). Calculate the highe